14
Convert -7ac3a6 (base 16) to base 13.
-188904c
What is -110111011000110100110 (base 2) in base 3?
-10102012122101
Convert -146695 (base 11) to base 7.
-1640660
-1204122 (base 7) to base 4
-211101330
What is 200012032 (base 5) in base 12?
318766
What is -11001001000001011011011 (base 2) in base 5?
-3141241344
Convert -51102 (base 11) to base 3.
-10210102011
What is 316ce7 (base 16) in base 12?
1102607
What is 584361 (base 10) in base 4?
2032222221
What is 17361 (base 15) in base 9?
123811
-2302020 (base 4) to base 16
-2c88
6928a66 (base 11) to base 4
232032333211
Convert -8bc79a (base 13) to base 10.
-3312189
What is -10100110011011101010101 (base 2) in base 5?
-2344004103
Convert -126451340 (base 7) to base 14.
-1135620
What is -273b87 (base 12) in base 9?
-1200174
Convert -111100011010101 (base 2) to base 5.
-1442213
-33486 (base 12) to base 2
-10000100111100110
Convert 34616101 (base 7) to base 6.
145144304
Convert -1212031132 (base 4) to base 10.
-418654
Convert 76575 (base 13) to base 6.
4330550
What is -31c7a1 (base 13) in base 9?
-2173081
Convert 2120023 (base 5) to base 7.
205621
What is 484480 (base 10) in base 12?
1b4454
What is 1021200 (base 5) in base 6?
210534
-161451623 (base 7) to base 5
-10242403340
What is 1700552 (base 12) in base 15?
6360e5
What is -101411442 (base 5) in base 11?
-2672a5
-40b377 (base 12) to base 10
-1014859
What is 785873 (base 12) in base 6?
105033423
164061b (base 12) to base 7
53532434
387a946 (base 11) to base 13
1513962
Convert 19a669 (base 13) to base 16.
9f095
-15376300 (base 8) to base 7
-42034124
Convert 12012212121000 (base 3) to base 14.
522707
-14013563 (base 7) to base 14
-25ada3
What is -30312030 (base 4) in base 11?
-36597
What is 154523033 (base 7) in base 11?
5992a89
Convert 2999c0 (base 15) to base 8.
7517653
What is 13213006 (base 8) in base 12?
ba5b1a
What is 122020111021 (base 3) in base 13?
bb5c4
Convert -211133123 (base 4) to base 8.
-453733
Convert b0d5c (base 14) to base 16.
67cf6
What is -2598c (base 14) in base 7?
-533335
What is 4100411 (base 5) in base 9?
110144
Convert -2203232132 (base 4) to base 12.
-284112
-3360534 (base 7) to base 8
-1460374
What is 58b81 (base 15) in base 11?
18345a
What is -551154 (base 7) in base 3?
-11220100000
Convert 12122022122 (base 3) to base 7.
641510
What is 1001001010101110110110 (base 2) in base 12?
97a932
Convert 33782 (base 13) to base 3.
11202100022
Convert -823a0 (base 13) to base 6.
-5001035
Convert -202211221 (base 4) to base 11.
-97494
-237812 (base 10) to base 6
-5032552
What is 390db (base 15) in base 2?
101100100010111000
-a1721e (base 15) to base 14
-10388c7
Convert 112231302 (base 6) to base 15.
2ae1a5
Convert -11100111000010000010111 (base 2) to base 3.
-112020121201020
-12122332133 (base 4) to base 7
-20210516
Convert 3435671 (base 10) to base 4.
31012302113
Convert -1740a1c (base 13) to base 4.
-130301100323
Convert 4141142 (base 5) to base 16.
10ac9
-88213 (base 16) to base 5
-120320322
Convert 2011011022010 (base 3) to base 10.
1144749
What is -141417 (base 10) in base 13?
-4c4a3
What is -2322200 (base 6) in base 13?
-42666
What is 110012202 (base 3) in base 6?
105115
11110010110110000 (base 2) to base 4
132112300
What is -54826 (base 10) in base 8?
-153052
What is -26805 (base 14) in base 5?
-11013434
What is 121791 (base 11) in base 13?
69893
Convert 145331 (base 14) to base 4.
2230110233
What is 3033033 (base 6) in base 11?
99647
Convert -100101111011101011 (base 2) to base 11.
-a6807
Convert -21113213300 (base 4) to base 3.
-11121210001202
Convert -1132216 (base 7) to base 14.
-39cb6
Convert -19b884 (base 13) to base 8.
-2375221
Convert 25448433 (base 9) to base 7.
211115103
What is 110001102122100 (base 3) in base 5?
3114433322
2892 (base 10) to base 8
5514
What is -10341030 (base 6) in base 13?
-aa66a
111010000100010011 (base 2) to base 8
720423
What is -970849 (base 11) in base 8?
-5731107
What is 5370 (base 15) in base 5?
1031110
93749 (base 10) to base 12
46305
-1153551 (base 10) to base 5
-243403201
1660644 (base 8) to base 3
220120120121
Convert -1100221110 (base 3) to base 12.
-13703
540781 (base 9) to base 16
4ea51
-18a46 (base 16) to base 8
-305106
Convert 3031013303 (base 4) to base 16.
cd1f3
478943 (base 11) to base 13
207303
155608 (base 9) to base 6
2020225
Convert 1414324104 (base 5) to base 7.
43113066
-2aa1c4 (base 13) to base 5
-232103440
Convert 1241233414 (base 5) to base 9.
5700683
What is 32687 (base 14) in base 7?
1015530
What is 18365a1 (base 11) in base 5?
1244100334
What is 151611 (base 10) in base 2?
100101000000111011
Convert -1272167 (base 8) to base 3.
-200011101120
Convert 145221 (base 8) to base 16.
ca91
What is 1995e (base 16) in base 8?
314536
2568765 (base 10) to base 14
4ac1d3
24009 (base 13) to base 3
10100102110
Convert -34675 (base 13) to base 10.
-95581
What is 1713b3 (base 12) in base 8?
1405767
What is 79661c (base 15) in base 6?
324054513
Convert -57a5d (base 14) to base 7.
-1545646
-81481b (base 15) to base 12
-208195b
Convert -1885764 (base 9) to base 16.
-102eef
What is -310372 (base 8) in base 6?
-2111122
What is -517317 (base 9) in base 3?
-120121100121
-ebc149 (base 15) to base 3
-210010111011220
What is 210100032321 (base 4) in base 5?
4413104143
-13d29 (base 15) to base 7
-353520
What is -2928a (base 13) in base 9?
-127081
What is a414971 (base 11) in base 7?
312143523
What is c0b6 (base 13) in base 4?
12132101
What is -403140450 (base 6) in base 15?
-90b046
What is 110122211110002 (base 3) in base 7?
111121640
Convert -11bd9 (base 14) to base 16.
-a9f3
What is -1121011010 (base 4) in base 7?
-3046520
483baa (base 13) to base 6
100525214
-113003233 (base 4) to base 2
-10111000011101111
Convert -6362277 (base 8) to base 7.
-20265255
Convert 84b235 (base 14) to base 12.
16046a7
What is 10110111000100010011 (base 2) in base 5?
142443333
Convert 1001010111010010110010 (base 2) to base 13.
67c3b7
What is 6225160 (base 8) in base 5?
410234024
What is 110001101001011111 (base 2) in base 6?
4205251
-576201 (base 8) to base 9
-327418
What is -33571 (base 9) in base 15?
-6944
637616 (base 9) to base 5
44121311
Convert -3d909 (base 14) to base 3.
-21202110022
What is 114542 (base 9) in base 5?
4201334
What is 3692a (base 13) in base 5?
11203142
-321465 (base 8) to base 12
-52131
What is bf5c9 (base 16) in base 13?
2159c8
What is -4452205 (base 6) in base 10?
-224717
121201010220 (base 3) to base 8
1202264
-1000010100000111010000110 (base 2) to base 5
-13430430134
1b50a (base 12) to base 13
15565
Convert 400ac8 (base 13) to base 9.
2715731
What is -2201002002020 (base 3) in base 11?
-8a2746
Convert 25973 (base 16) to base 4.
211211303
55bb2 (base 13) to base 15
31264
What is -c51798 (base 14) in base 4?
-121113211222
What is -56399 (base 14) in base 13?
-74336
Convert 27070630 (base 8) to base 6.
333504040
What is -5126530 (base 9) in base 16?
-29b866
187568 (base 9) to base 16
1c973
-104455551 (base 6) to base 15
-27972a
What is -30bbc (base 14) in base 6?
-2304150
Convert -3a7792 (base 12) to base 10.
-967070
-553649 (base 13) to base 5
-1003210221
-c003 (base 16) to base 3
-2111102120
What is 66a97 (base 12) in base 10?
136339
What is 322173 (base 9) in base 12?
93056
-5003443 (base 6) to base 9
-386110
Convert -252859 (base 11) to base 3.
-202021022211
What is 111111011011101 (base 2) in base 7?
163454
What is 10253251 (base 6) in base 12?
127227
Convert 1aadb (base 14) to base 9.
113255
Convert 10000100000000011 (base 2) to base 4.
100200003
Convert 2031224 (base 8) to base 14.
ddb00
What is 7527942 (base 10) in base 11?
4281944
212a9 (base 11) to base 10
30974
116057 (base 9) to base 13
25b55
2641a94 (base 11) to base 10
4570636
Convert 343124352 (base 6) to base 16.
60482c
What is -2323406 (base 7) in base 16?
-473a8
Convert 21022112 (base 3) to base 10.
5333
Convert -1babb (base 16) to base 5.
-12111324
What is -4cac8 (base 14) in base 3?
-100120212221
-646a84 (base 13) to base 16
-23f6f6
-23313133 (base 6) to base 8
-2610261
What is a26a57 (base 13) in base 8?
16340444
Convert -65771a1 (base 11) to base 2.
-101100000011000000100001
Convert 2348639 (base 10) to base 2.
1000111101011001011111
-131ed (base 16) to base 5
-10001232
Convert -51127140 (base 8) to base 4.
-2210